se
Suppose -6 = -3*s, 5*s - 484 = i - 4*i. Suppose -x + 0*x + i = 0. Is x/8*24/6 a prime number?
True
Let a(l) = -111*l - 53. Is a(-4) a composite number?
True
Let m = -2 - -6. Suppose m*o = -o + 575. Is o a prime number?
False
Let p be -1*(-3 + -2) + 3. Suppose 0 = 6*i - p*i + 374. Is i a composite number?
True
Let j be 6/9*-1*-6. Suppose -j*g = -62 - 150. Is g a composite number?
False
Suppose -p - 4*p = 0. Let j = -4 - 5. Is (-1 - p)*(2 + j) composite?
False
Suppose -f = -4*n + 43, -4*f = -f - 3. Is n composite?
False
Suppose j - 30 = 21. Is j prime?
False
Suppose 3 + 1 = 2*n. Suppose -n*d + d + 62 = -5*m, -10 = 5*m. Let v = 1 + d. Is v a prime number?
True
Let g(v) = v**3 + 6*v**2 + 4*v - 1. Let n be g(-5). Suppose -n*q + 2*l + 13 = -1, 0 = -4*q - 4*l + 8. Suppose 0 = q*t - 9 - 9. Is t composite?
True
Let j be ((-28)/(-16))/(1/332). Suppose 0*h + h = j. Is h a prime number?
False
Let d = 15 + -9. Let u = -3 + d. Suppose 0*p + 66 = u*p. Is p a prime number?
False
Suppose -1609 = -3*h - 352. Is h a composite number?
False
Suppose 0 = 6*y - 14*y + 13256. Is y composite?
False
Let f = 0 - -2. Suppose f*u - 6 - 24 = 0. Is u prime?
False
Let b(d) = d**2 + 2*d + 2. Let u be 2*(-3)/(-6)*5. Is b(u) a prime number?
True
Is (-8)/(-44) + (-3406)/(-22) a composite number?
True
Let c(r) be the second derivative of 1/20*r**5 + 0 - 3/2*r**2 + 0*r**3 - 1/12*r**4 + 3*r. Is c(3) a prime number?
False
Let w(b) be the first derivative of b**4/4 - b**3 - 4*b**2 + 12*b + 1. Let r be w(8). Suppose 9 = -2*a + 3, a = 5*t - r. Is t prime?
True
Suppose 5*v - d = 369, 3*d - 143 = -2*v + 8*d. Is v prime?
False
Let g(k) = -441*k - 7. Let n(f) = 221*f + 4. Let h(c) = -4*g(c) - 7*n(c). Let t(s) = s - 4. Let o be t(5). Is h(o) prime?
False
Is 2/(-7) - (-5916)/28 a composite number?
False
Let r(x) = x**2 + 18*x - 10. Let w be r(-8). Let u = 269 + w. Is u composite?
False
Suppose -4*g = -2*k + 850, -3*g - 203 = -k + 227. Is k prime?
False
Let r = 188 + -93. Is r prime?
False
Suppose -2*x = -2*a - 3*a + 7, -2*x - a + 11 = 0. Suppose 0 = 5*u - g - 37 - 55, -2*u + x*g = -26. Is u a composite number?
False
Let m = 89 - -804. Is m a composite number?
True
Suppose 4*a = l + 856, 0 = 5*a - l - 840 - 229. Let b = a + -136. Is b a prime number?
False
Let c = -57 - -184. Is c composite?
False
Let i = 3 + -3. Let q = i + 0. Let o(d) = d**2 + 10. Is o(q) prime?
False
Let g be ((-6)/(-24))/((-1)/(-4)). Let d be (-3 + 2)/g - -1. Let b(u) = -u**2 + u + 23. Is b(d) composite?
False
Suppose 4 = 5*a - 6. Suppose a*c - 339 = -c. Is c a composite number?
False
Let a(w) = 2*w - 6. Let z be a(6). Let n = -8 + z. Let h = n + 5. Is h a composite number?
False
Let q(w) = w**3 - 3*w**2 + 5*w - 5. Let b be ((-32)/10)/((-4)/10). Is q(b) prime?
False
Suppose -2*r + 1066 = -420. Is r prime?
True
Let i(b) = -11*b + 2. Let a(k) = k - 1. Let o(f) = 3*a(f) + i(f). Is o(-15) composite?
True
Let c(z) = -z**3 + 5*z**2 - 1. Let v be c(4). Suppose 0 = 3*a + o - v - 34, 0 = -o - 2. Suppose y - r = a, -2*y = 3*y - 4*r - 81. Is y composite?
False
Suppose d = 91 + 648. Is d prime?
True
Let f = -23 + 166. Let y = -74 + f. Is y a composite number?
True
Suppose v = -2*v - 303. Let f = 240 + -498. Let m = v - f. Is m a composite number?
False
Let m = -6 + 4. Let o be (-1)/(-1)*(2 - m). Suppose 5*p + 501 = 4*x, -o*p + 476 = 5*x - 99. Is x a composite number?
True
Let o = -12 + 2. Is ((-190)/4)/(5/o) composite?
True
Let d(g) = 13*g + 9. Let k be d(-6). Let p(c) = 3*c**2 - 6*c - 1. Let t be p(-7). Let m = t + k. Is m composite?
True
Suppose -z + 4*q + 3 + 1 = 0, -z + 4 = q. Suppose -5*n - 52 = -o, 5*o - 160 = o + z*n. Is o a composite number?
False
Let z be 4/(-6) + 6450/9. Let m = 1269 - z. Is m prime?
False
Suppose 4*r + 12 = -36. Is (-952)/r - (-3)/(-9) composite?
False
Let i(b) = b**3 + 27*b**2 - 2*b - 7. Is i(-15) composite?
True
Suppose 0 = 4*c - 2*c - 6. Let j(m) = -m + 3*m - 3*m**2 - 2 + m - m**c. Is j(-4) a composite number?
False
Suppose -m = -3*f - 57, -f + 3*f + 38 = 2*m. Let r = f - -35. Suppose s + 2 = r. Is s composite?
True
Let b be (-12)/8*(-1 + -1). Let r = 0 + b. Suppose 0 = 2*a - r*a + 11. Is a composite?
False
Let k = -5 + 6. Let c = -3 + k. Let t = 5 + c. Is t a prime number?
True
Suppose 3*m + 2 - 11 = 0. Is (m/9)/(1/555) a prime number?
False
Suppose 0 = 3*c - 9, c = 5*h - 4*c - 5. Suppose 5*q = g + 265, 106 = 2*q + h*g + g. Is q a composite number?
False
Let k = 1 - -3. Suppose 4*z + k = 0, 5*z = 2*a - 20 - 513. Is 4/(-6) - a/(-18) a prime number?
False
Let o be (-55950)/(-24) + 3/4. Let y = o + -1341. Is y a composite number?
False
Let l be -1 + 3/((-3)/(-2)). Suppose -j + 6*m = 2*m - 5, 4*m = 3*j - 7. Is (l - 3) + j + 36 a prime number?
False
Let c = -4 + 7. Suppose -w = c*w - 120. Suppose w = v + 7. Is v a prime number?
True
Let p(t) = -t**2 - t - 33. Let m be p(0). Suppose 4*o = 3*o - 23. Let h = o - m. Is h prime?
False
Let a = -2 - -2. Suppose -4 = -a*u + 4*u. Let w = u + 4. Is w a composite number?
False
Suppose -h + 55 = a, 0*a = a - 4*h - 55. Is a composite?
True
Is 2/(-2)*-1*9004/4 a composite number?
False
Let j(s) = s - 3. Let p be j(-6). Let h = 23 + p. Is h prime?
False
Let g be (-54)/(-15) - 12/20. Is g + -3 + 53/1 prime?
True
Suppose -25*q = -23*q - 278. Is q prime?
True
Let f = -13 - -17. Let x(s) = 3*s**3 + 3*s + 7. Is x(f) composite?
False
Let b = -21 - -25. Is 74 - (3 + (b - 4)) prime?
True
Suppose 3*n = -3 + 9. Suppose -n*t = -3*t + 119. Is t prime?
False
Suppose 3*g - 3*p - 108 = 0, -p - 176 = -3*g - 2*g. Suppose 0 = 5*i - 3*u - 173, 4*i + 5*u + g - 166 = 0. Is i a composite number?
True
Suppose 4*m - 3*m - 2 = 0. Suppose -k + m*t = -56 - 14, 4*k = -3*t + 236. Is k a prime number?
False
Let z = 70 + 113. Is z composite?
True
Suppose -3*h + 4*r = -762 + 141, -5*h + 3*r = -1046. Is h a prime number?
True
Let f be ((-1)/3)/(3/(-27)). Let v(s) = s**2 - 2*s + 1. Is v(f) composite?
True
Suppose 2*g = 26 - 2. Let r be (-3 + g)*(-1)/(-3). Suppose -2*w + r*c + 50 = 2*c, c = w - 27. Is w composite?
False
Suppose 2*g = -2*g + 76. Is g composite?
False
Let f(a) = -a**3 - 7*a**2 + 7. Suppose -6 = -5*y + 3*y. Let d = -4 - y. Is f(d) a prime number?
True
Let o(y) = -y - 1. Let i be o(6). Let a(f) = f + 10. Let m be a(i). Suppose -t - 42 = -m*t. Is t a prime number?
False
Is ((-239)/(-1))/(0 - -1) a prime number?
True
Let i(r) = -4*r**2 - r + 1. Let y be i(1). Let s be ((-1)/2)/(y/48). Is 8/s - (-10)/15 a prime number?
True
Suppose -2*u + u = -5*l + 10, -5*u = 0. Suppose l*n + 423 = -o + 1308, -4*n - 4439 = -5*o. Is o prime?
True
Suppose 0*r + 1580 = 4*r. Suppose -4*w + 2*h + 324 = 0, -2*h = -5*w + 3*h + r. Is w composite?
False
Let q = -99 + 188. Is q composite?
False
Let q = -68 - -363. Is q a composite number?
True
Let x(m) = 31*m - 3. Let d = -2 + 4. Is x(d) composite?
False
Let f = 20 + -14. Suppose 3*t - 17 = 4*i, -11 = -4*t + f*i - 3*i. Let o(r) = -56*r - 1. Is o(t) a prime number?
False
Let x = -142 - -336. Is x composite?
True
Suppose -5*f + 2*f = -5679. Is f a composite number?
True
Let p = 9 + -10. Let a be 2/((-21)/24 - p). Suppose 6 - a = -n. Is n a prime number?
False
Suppose 2*d - 3*a - 430 = -2*d, 4*a - 8 = 0. Suppose -2*o + 159 = -d. Suppose 2*f + n - o = 6*n, 5*f = 4*n + 301. Is f a prime number?
False
Suppose 0*a - 710 = -2*a. Let u = a + -192. Is u prime?
True
Let h = -3 + 5. Suppose -h*v = 2*v. Let b = 4 + v. Is b a composite number?
True
Let j = 30 + 8. Is j a prime number?
False
Suppose z = -2*z - 5*b + 1530, -2*z + 3*b + 1039 = 0. Is z a composite number?
True
Let f(g) = -g + 4. Let r = 12 + -8. Let k be f(r). Suppose 2*q = -k*q + 62. Is q a composite number?
False
Suppose -94 = -3*u - 2*a, 5*u - 2*a - a - 144 = 0. Let r be u - (-1 - -1) - -1. Suppose 0 = 2*i + 4*d, -5*i = -3*d - 34 - r. Is i composite?
True
Suppose -s + 4*i = -83, 3*s - 3*i = 2*s + 84. Is s a prime number?
False
Suppose -5*z + 433 = k - 9*z, -3*k + 1283 = -4*z. Suppose 0 = 4*v - k - 171. Is v a prime number?
True
Let i(v) = 21*v**2 - 9*v - 23. Is i(-6) a composite number?
False
Let v(o) = o**2 - 9*o + 7. Let y be v(5). Let n = y + -5. Is -3 + -3 + (-2 - n) prime?
False
Let i = 9 - -17. Let f = 47 - i. Is f a prime number?
False
Suppose -c + 4*w = -21, 2*c - 4*w - 26 = -0*c. Suppose -5*z + 1 = -3*f